digit of 3/(-1)*(f - -2)?
9
Suppose 45*a = 65163 - 10398. Suppose -3*p - 4*v + 929 = 0, 4*p + 3*v - a = 2*v. What is the units digit of p?
3
Let k = -21985 + 37547. What is the tens digit of k?
6
Suppose -2680 = -0*k - 8*k. Suppose 62 = i - k. Suppose -i = -4*f - 29. What is the tens digit of f?
9
Suppose 0 = -4*y - 31*q + 32*q + 124967, -3*y + q + 93727 = 0. What is the ten thousands digit of y?
3
Let u = 19613 + -13446. What is the tens digit of u?
6
Suppose -3*s + 64341 = 3*v, s = -26*v + 29*v - 64337. What is the tens digit of v?
4
Suppose -45 = -5*a + w - 6*w, 4*w = 20. Suppose v = 3*v - 2*c, 9 = 5*v + a*c. What is the units digit of (1 - v) + (27 - 12)?
5
Suppose -36*v = 7*v - 144308. What is the units digit of v?
6
Suppose 6*m = 4 - 4. Suppose -3*j - 3*s = -m*j - 1104, 2*j - 733 = s. What is the units digit of j?
7
Let g(l) = -2*l + 29. Let w be g(10). Suppose -3*r + w = -r - 3*j, 2*r = -3*j + 3. Suppose 0 = -d + 2*o + 92, 5*d = r*d - o + 184. What is the tens digit of d?
9
Suppose -x + 1890 = 4*v, -8*x = v - 3*x - 482. What is the units digit of v/12*24 + 2?
6
Let v = 454 - 311. Let z be (-1 - -96) + 3/((-6)/(-4)). Let h = v - z. What is the tens digit of h?
4
What is the tens digit of (-11 + -7 + -2)/(-2*1/508)?
8
Let x(n) = 3033*n + 1956. What is the tens digit of x(4)?
8
Suppose -n = 2*c - 6927, 77*c = 5*n + 76*c - 34635. What is the tens digit of n?
2
Let x be 3 + 4 + -6 - -190. Suppose -x = -6*g + 5*g. Suppose -2*q - 2*q + 216 = -4*b, 0 = -4*q - b + g. What is the units digit of q?
9
Let s = 152 - 149. Let h(m) = 3*m + 8. Let c be h(-2). What is the hundreds digit of (c/s)/((-4)/12) - -114?
1
Let z be 10817 - (1 + -1 + 3) - -2. Suppose 23*r - 7*r = z. What is the units digit of r?
6
Let c be 2/((-2)/3)*(-10)/15. What is the units digit of (c - 1) + 547 + 3 + -8?
3
Let q be 834/4*2/3. Suppose 2*b + 5*h + 25 = q, 3*b + 3*h - 171 = 0. Let z = b - 39. What is the units digit of z?
8
Suppose 326 = 3*v - h - 446, 2*v = 5*h + 506. Suppose v*n = 254*n + 1424. What is the tens digit of n?
5
Let c(i) = 3 - 6*i - 4 - 5 + 1. Let h be c(-2). Suppose -h*b + 94 = -25. What is the tens digit of b?
1
Let f(h) = -15*h - 43. Let r be f(-4). Suppose -64 = -r*k + 9*k. What is the units digit of k?
8
Let f be (-35)/(-25)*-18 - (-2)/10. Let g(o) = -27*o - 182. What is the hundreds digit of g(f)?
4
Let h be (-1935)/(-6)*(37 - -3). Suppose 30*p - 15*p = h. What is the hundreds digit of p?
8
Suppose -3*p = 5*s - 1066, p + p - 744 = 5*s. Suppose -17*l = p - 5. What is the units digit of (-7)/l + (-940)/(-6)?
7
What is the hundreds digit of (-53700)/(-330) - (-51)/187?
1
Suppose 0 = -213*u + 234*u - 11949. Let f = 803 - u. What is the hundreds digit of f?
2
Suppose -12*j = -6*j - 1860. Let p = j - -141. What is the units digit of p?
1
Suppose 61 - 89 = -4*x, -4*x = -3*j + 41303. What is the hundreds digit of j?
7
Suppose 15 = -2*r + 5*x - 0, 2*r - 3*x = -9. Let c be -1 + 3/(9/15). Suppose c*g - 20 = -p, 5*p - 4*g - 28 = -r*g. What is the units digit of p?
8
Let v(z) = -z**3 - 10*z**2 - 2*z - 22. Let t be v(-10). Let a(q) = -41*q**3 - 3*q**2 - 6*q - 9. What is the tens digit of a(t)?
1
Suppose -2*h + 55 = -u - 2*u, 5*h = -3*u - 83. Let r = u - -26. What is the hundreds digit of 1*(-4 + r) - -144?
1
Let i be (-2 - 40) + 2/4*-6. Let j = 43 + i. Let h(c) = -27*c**3 + 2*c**2 + 10*c + 16. What is the hundreds digit of h(j)?
2
Suppose 13 = 4*u + 3*i - 6*i, 0 = -i + 5. Suppose 0 = u*h - 260 - 3989. What is the hundreds digit of h?
6
Let g(b) = b**3 + 7*b**2 + 5*b - 1. Let o be g(-6). Suppose 0 = o*u - u - 16. Suppose 6*j - 430 = -u*j. What is the units digit of j?
3
Suppose -247296 = -42*r - 54*r. What is the tens digit of r?
7
Let n = 2834 + 2468. Suppose 27*p - 13355 = n. What is the units digit of p?
1
Let a be 12/8 + 4730/4. Let b = a - 631. Suppose 7*v - 4*v + 2*l = b, -3*l - 726 = -4*v. What is the tens digit of v?
8
Let o = 922 + -311. Suppose 3*s = 4*h + 1843, -4*s + 3*s = 2*h - o. What is the tens digit of s?
1
Let f(p) = 4*p - 12. Let r be f(5). Let v(u) = -2*u + 0*u - 4 + 3*u + 3*u. What is the tens digit of v(r)?
2
Suppose 467917 = 11*c + 33340. What is the tens digit of c?
0
Suppose j - 78 = -75. Suppose 0 = -3*t + 12, -4*m + 6*t - j*t = 4. Suppose 0 = m*u - 352 - 34. What is the units digit of u?
3
Let n = -256 + 258. Suppose 2*l - w - 1325 = -n*l, -3*l - w + 992 = 0. What is the hundreds digit of l?
3
Let v(x) = 74*x - 82. Let t(c) = 2*c. Let q(u) = 6*t(u) + v(u). What is the units digit of q(10)?
8
Suppose 0 = -12*k + 11*k - 3*p + 4879, -k + 4903 = -p. What is the thousands digit of k?
4
Let m(y) = -y**2 + 7*y - 67. Let p be m(-20). Let n = 200 - p. What is the hundreds digit of n?
8
Let f be -2 + -3 + 14 + -4. Suppose 4*v = 0, -f*u - v = -0*v - 630. What is the tens digit of u?
2
Suppose -2*c + 1 = -c, -4*x - 4*c = -16844. Suppose -50*q + x = -45*q. What is the units digit of q?
2
What is the thousands digit of (4433/465 - (3 + (-24)/9))*8415?
7
Let h = 6199 - 2383. Suppose p - h = -17*p. What is the units digit of p?
2
What is the hundreds digit of (-51 + 32)*(3 + -62)?
1
Let y(g) = -2*g**3 - 8*g**2 + 3*g + 11. Let d be y(-4). What is the tens digit of (-1)/(((-3660)/(-1828) - 2)*d)?
5
Let a be ((-10)/(-15) - -2) + 1/3. Suppose -2*z - a*s + 553 = 0, 3*s + 557 = -4*z + 1666. What is the tens digit of z?
7
Let k(m) = 18*m**2 + 5*m - 17. Let g be 21/28*12 + -3. What is the tens digit of k(g)?
6
Let h = -9 - -28. Suppose y - h = 3. What is the units digit of y/99 - 1670/(-18)?
3
Let y = -1005 + 3145. What is the tens digit of y?
4
Let r = -686 + 247. Let v = r + 480. What is the units digit of v?
1
Let a(n) = -9*n - 13. Let v(d) = 28*d + 39. Let r(f) = -7*a(f) - 2*v(f). Let s be r(-6). Let m = s - -82. What is the units digit of m?
3
Let u(c) = -96*c - 80. Let t(x) = 190*x + 158. Let k(b) = -6*t(b) - 13*u(b). What is the hundreds digit of k(4)?
5
Let t(h) be the third derivative of 47*h**6/20 + h**5/60 - h**4/4 + 2*h**3/3 - 229*h**2. What is the hundreds digit of t(1)?
2
Suppose -i = -3*i - 4*u + 14, 4*i + 4*u - 20 = 0. Suppose 10*n - i*s - 1727 = 8*n, 4*n - 3444 = -4*s. What is the units digit of n?
2
Suppose 47476 = 2*b + 9*b. What is the hundreds digit of b?
3
Suppose -3*n + 304 = 5*n. Let c = n + -32. Suppose -3*o = -c*o + 150. What is the units digit of o?
0
Let c(h) = -h**2 - 8*h - 14. Suppose 4*z = 4*t - 40, -z - 20 = -t - 2*t. Let g be c(z). What is the tens digit of (g - 6/1)*366/(-15)?
2
Let y(z) = z + 311*z**2 + 40 - 10 - 613*z**2 + 306*z**2. What is the units digit of y(12)?
8
Let s(k) = -3*k**2 + 4*k + 11. Let t be s(-2). What is the thousands digit of (3/(t/584))/((-79)/711)?
1
Suppose 0 = 4*h - n + 3472, -4*h + 4*n - 109 - 3351 = 0. Let u = -580 - h. What is the hundreds digit of u?
2
Let v(q) = 178*q**3 + q**2 - 6. What is the hundreds digit of v(2)?
4
Let s be 3 + -1 - (0 - (0 + 1)). Let z(x) = x + 2 - 12*x**3 + s*x**3 - x**2 + x**2. What is the tens digit of z(-2)?
7
Let o(p) be the second derivative of p**4/12 + 5*p**3/6 + 7*p**2/2 - 15*p. Let b be o(-2). What is the units digit of (-56)/(-6)*(2 + (b - -3))?
6
Suppose 154 = 15*g - 4*g. What is the tens digit of g/(-77) - 4197/(-33)?
2
Let t be (24 + (-2 - 0))*-61. Let f = -788 - t. What is the hundreds digit of f?
5
Let s(u) = -u**3 - 7*u**2 - 2*u - 8. Let o be s(-8). Suppose 26*g - 23*g = -o. Let v = 34 + g. What is the tens digit of v?
1
Let s(p) = 2*p**3 - 11*p**2 + 18*p - 12. Let d be s(8). Suppose -5*w = d - 1447. What is the tens digit of w/(-4)*-2 + 12/(-8)?
9
Let i(m) = m**3 + 15*m**2 + 2*m - 22. Let y(n) = -n + 4. Let l be y(16). What is the tens digit of i(l)?
8
Suppose 8*h - 13*h = -4*s + 20, -3*h - 12 = s. Suppose s = -9*x + 5035 + 6377. What is the thousands digit of x?
1
Suppose -2*f = 10, -4*v = 26*f - 22*f + 20. Suppose v = -8*p - 4 + 12. What is the units digit of p?
1
Suppose 4*w - 8*i + i = 35551, 4*w + 4*i = 35584. What is the tens digit of w?
9
Suppose -2*s - 5*y + 57972 = 0, -5848 - 23183 = -s + 5*y. What is the thousands digit of s?
9
Let k(v) = -2817*v + 209. What is the units digit of k(-4)?
7
Let r(c) = 57837*c**2 + 227*c + 230. What is the hundreds digit of r(-1)?
8
Suppose -1220*d = -1245*d + 328800. What is the thousands digit of d?
3
Let n = 196 + -